{"id":81,"date":"2024-09-11T17:45:25","date_gmt":"2024-09-11T15:45:25","guid":{"rendered":"https:\/\/antonov2.com\/?page_id=81"},"modified":"2024-10-05T08:52:37","modified_gmt":"2024-10-05T06:52:37","slug":"boutique","status":"publish","type":"page","link":"https:\/\/antonov2.com\/index.php\/boutique\/","title":{"rendered":"Boutique"},"content":{"rendered":"\t\t<div data-elementor-type=\"wp-page\" data-elementor-id=\"81\" class=\"elementor elementor-81\">\n\t\t\t\t<div class=\"elementor-element elementor-element-5a8c7b0 e-flex e-con-boxed e-con e-parent\" data-id=\"5a8c7b0\" data-element_type=\"container\" data-e-type=\"container\">\n\t\t\t\t\t<div class=\"e-con-inner\">\n\t\t\t\t<div class=\"elementor-element elementor-element-868f155 elementor-widget elementor-widget-spacer\" data-id=\"868f155\" data-element_type=\"widget\" data-e-type=\"widget\" data-widget_type=\"spacer.default\">\n\t\t\t\t<div class=\"elementor-widget-container\">\n\t\t\t\t\t\t\t<div class=\"elementor-spacer\">\n\t\t\t<div class=\"elementor-spacer-inner\"><\/div>\n\t\t<\/div>\n\t\t\t\t\t\t<\/div>\n\t\t\t\t<\/div>\n\t\t\t\t<div class=\"elementor-element elementor-element-01e1079 elementor-widget elementor-widget-text-editor\" data-id=\"01e1079\" data-element_type=\"widget\" data-e-type=\"widget\" data-widget_type=\"text-editor.default\">\n\t\t\t\t<div class=\"elementor-widget-container\">\n\t\t\t\t\t\t\t\t\t<p>GenAIRation Antonov diffuse des \u00ab\u00a0goodies\u00a0\u00bb, plus pour sa communication que pour son financement d&rsquo;ailleurs.<\/p><p><em><strong>Patches (\u00e9cussons)<\/strong><\/em>: incontournables des <em>meetings<\/em>, nous en diffusons 2 sortes diff\u00e9rents, tous avec velcro au dos, l&rsquo;un en tissu, l&rsquo;autre en PVC.<\/p><p><em><strong>Dog Tags (m\u00e9daillons)<\/strong><\/em>: environ 5 x 3 cm, nous les accrochons par exemple aux fermetures \u00e9clairs de nos combinaisons de vol. Agr\u00e9ment\u00e9es du logo Antonov, ils peuvent \u00eatre personnalis\u00e9s sur demande.<\/p><p><em><strong>D\u00e9capsuleurs<\/strong><\/em>: belles pi\u00e8ces en m\u00e9tal inox, ils sont grav\u00e9s au laser sur chaque face.<\/p><p>Pour plus de facilit\u00e9, nous travaillons avec \u00ab\u00a0HelloAsso\u00a0\u00bb, ce qui nous permet de disposer d&rsquo;un mode de r\u00e8glement par cartes de cr\u00e9dit.<\/p><p>Cliquez sur le lien ou les images pour vous rendre directement sur notre page \u00ab\u00a0<a href=\"https:\/\/www.helloasso.com\/associations\/genairation-antonov\/boutiques\/formulaire-coordonnees-boutique\">HelloAsso<\/a>\u00a0\u00bb Boutique<\/p>\t\t\t\t\t\t\t\t<\/div>\n\t\t\t\t<\/div>\n\t\t<div class=\"elementor-element elementor-element-fc7a7e2 e-con-full e-flex e-con e-child\" data-id=\"fc7a7e2\" data-element_type=\"container\" data-e-type=\"container\">\n\t\t\t\t<div class=\"elementor-element elementor-element-13a2895 elementor-button-danger elementor-align-center elementor-widget__width-inherit elementor-invisible elementor-widget elementor-widget-button\" data-id=\"13a2895\" data-element_type=\"widget\" data-e-type=\"widget\" data-settings=\"{&quot;_animation&quot;:&quot;zoomIn&quot;}\" data-widget_type=\"button.default\">\n\t\t\t\t<div class=\"elementor-widget-container\">\n\t\t\t\t\t\t\t\t\t<div class=\"elementor-button-wrapper\">\n\t\t\t\t\t<a class=\"elementor-button elementor-button-link elementor-size-sm elementor-animation-bounce-in\" href=\"https:\/\/www.helloasso.com\/associations\/genairation-antonov\/boutiques\/formulaire-coordonnees-boutique\" target=\"_blank\">\n\t\t\t\t\t\t<span class=\"elementor-button-content-wrapper\">\n\t\t\t\t\t\t\t\t\t<span class=\"elementor-button-text\">Cliquez pour vous rendre sur notre boutique \"Hello Asso\"<\/span>\n\t\t\t\t\t<\/span>\n\t\t\t\t\t<\/a>\n\t\t\t\t<\/div>\n\t\t\t\t\t\t\t\t<\/div>\n\t\t\t\t<\/div>\n\t\t\t\t<\/div>\n\t\t<div class=\"elementor-element elementor-element-d92f0d4 e-grid e-con-full e-con e-child\" data-id=\"d92f0d4\" data-element_type=\"container\" data-e-type=\"container\">\n\t\t\t\t<div class=\"elementor-element elementor-element-815eb42 elementor-widget elementor-widget-image\" data-id=\"815eb42\" data-element_type=\"widget\" data-e-type=\"widget\" data-widget_type=\"image.default\">\n\t\t\t\t<div class=\"elementor-widget-container\">\n\t\t\t\t\t\t\t\t\t\t\t\t<figure class=\"wp-caption\">\n\t\t\t\t\t\t\t\t\t\t\t<a href=\"https:\/\/www.helloasso.com\/associations\/genairation-antonov\/boutiques\/formulaire-coordonnees-boutique\" target=\"_blank\">\n\t\t\t\t\t\t\t<img fetchpriority=\"high\" decoding=\"async\" width=\"768\" height=\"1024\" src=\"https:\/\/antonov2.com\/wp-content\/uploads\/2024\/09\/20240924_102231-768x1024.jpg\" class=\"attachment-large size-large wp-image-142\" alt=\"Patch PVC\" srcset=\"https:\/\/antonov2.com\/wp-content\/uploads\/2024\/09\/20240924_102231-768x1024.jpg 768w, https:\/\/antonov2.com\/wp-content\/uploads\/2024\/09\/20240924_102231-225x300.jpg 225w, https:\/\/antonov2.com\/wp-content\/uploads\/2024\/09\/20240924_102231-1152x1536.jpg 1152w, https:\/\/antonov2.com\/wp-content\/uploads\/2024\/09\/20240924_102231-1536x2048.jpg 1536w, https:\/\/antonov2.com\/wp-content\/uploads\/2024\/09\/20240924_102231-scaled.jpg 1920w\" sizes=\"(max-width: 768px) 100vw, 768px\" \/>\t\t\t\t\t\t\t\t<\/a>\n\t\t\t\t\t\t\t\t\t\t\t<figcaption class=\"widget-image-caption wp-caption-text\"><\/figcaption>\n\t\t\t\t\t\t\t\t\t\t<\/figure>\n\t\t\t\t\t\t\t\t\t<\/div>\n\t\t\t\t<\/div>\n\t\t\t\t<div class=\"elementor-element elementor-element-b3b03d2 elementor-widget elementor-widget-image\" data-id=\"b3b03d2\" data-element_type=\"widget\" data-e-type=\"widget\" data-widget_type=\"image.default\">\n\t\t\t\t<div class=\"elementor-widget-container\">\n\t\t\t\t\t\t\t\t\t\t\t\t<figure class=\"wp-caption\">\n\t\t\t\t\t\t\t\t\t\t\t<a href=\"https:\/\/www.helloasso.com\/associations\/genairation-antonov\/boutiques\/formulaire-coordonnees-boutique\" target=\"_blank\">\n\t\t\t\t\t\t\t<img decoding=\"async\" width=\"768\" height=\"1024\" src=\"https:\/\/antonov2.com\/wp-content\/uploads\/2024\/09\/20240924_102150-768x1024.jpg\" class=\"attachment-large size-large wp-image-141\" alt=\"\" srcset=\"https:\/\/antonov2.com\/wp-content\/uploads\/2024\/09\/20240924_102150-768x1024.jpg 768w, https:\/\/antonov2.com\/wp-content\/uploads\/2024\/09\/20240924_102150-225x300.jpg 225w, https:\/\/antonov2.com\/wp-content\/uploads\/2024\/09\/20240924_102150-1152x1536.jpg 1152w, https:\/\/antonov2.com\/wp-content\/uploads\/2024\/09\/20240924_102150-1536x2048.jpg 1536w, https:\/\/antonov2.com\/wp-content\/uploads\/2024\/09\/20240924_102150-scaled.jpg 1920w\" sizes=\"(max-width: 768px) 100vw, 768px\" \/>\t\t\t\t\t\t\t\t<\/a>\n\t\t\t\t\t\t\t\t\t\t\t<figcaption class=\"widget-image-caption wp-caption-text\"><\/figcaption>\n\t\t\t\t\t\t\t\t\t\t<\/figure>\n\t\t\t\t\t\t\t\t\t<\/div>\n\t\t\t\t<\/div>\n\t\t\t\t<div class=\"elementor-element elementor-element-a2271dd elementor-widget elementor-widget-image\" data-id=\"a2271dd\" data-element_type=\"widget\" data-e-type=\"widget\" data-widget_type=\"image.default\">\n\t\t\t\t<div class=\"elementor-widget-container\">\n\t\t\t\t\t\t\t\t\t\t\t\t\t\t\t\t<a href=\"https:\/\/www.helloasso.com\/associations\/genairation-antonov\/boutiques\/formulaire-coordonnees-boutique\" target=\"_blank\">\n\t\t\t\t\t\t\t<img decoding=\"async\" width=\"1024\" height=\"714\" src=\"https:\/\/antonov2.com\/wp-content\/uploads\/2024\/09\/20240112_204155-1-1024x714.jpg\" class=\"attachment-large size-large wp-image-117\" alt=\"Patch brod\u00e9\" srcset=\"https:\/\/antonov2.com\/wp-content\/uploads\/2024\/09\/20240112_204155-1-1024x714.jpg 1024w, https:\/\/antonov2.com\/wp-content\/uploads\/2024\/09\/20240112_204155-1-300x209.jpg 300w, https:\/\/antonov2.com\/wp-content\/uploads\/2024\/09\/20240112_204155-1-768x535.jpg 768w, https:\/\/antonov2.com\/wp-content\/uploads\/2024\/09\/20240112_204155-1-1536x1071.jpg 1536w, https:\/\/antonov2.com\/wp-content\/uploads\/2024\/09\/20240112_204155-1-2048x1428.jpg 2048w\" sizes=\"(max-width: 1024px) 100vw, 1024px\" \/>\t\t\t\t\t\t\t\t<\/a>\n\t\t\t\t\t\t\t\t\t\t\t\t\t\t\t<\/div>\n\t\t\t\t<\/div>\n\t\t\t\t<\/div>\n\t\t\t\t\t<\/div>\n\t\t\t\t<\/div>\n\t\t<div class=\"elementor-element elementor-element-359e7d5 e-flex e-con-boxed e-con e-parent\" data-id=\"359e7d5\" data-element_type=\"container\" data-e-type=\"container\">\n\t\t\t\t\t<div class=\"e-con-inner\">\n\t\t<div class=\"elementor-element elementor-element-4e6b92e e-con-full e-flex e-con e-child\" data-id=\"4e6b92e\" data-element_type=\"container\" data-e-type=\"container\">\n\t\t\t\t<div class=\"elementor-element elementor-element-c6d0404 elementor-widget elementor-widget-image\" data-id=\"c6d0404\" data-element_type=\"widget\" data-e-type=\"widget\" data-widget_type=\"image.default\">\n\t\t\t\t<div class=\"elementor-widget-container\">\n\t\t\t\t\t\t\t\t\t\t\t\t<figure class=\"wp-caption\">\n\t\t\t\t\t\t\t\t\t\t\t<a href=\"https:\/\/www.helloasso.com\/associations\/genairation-antonov\/boutiques\/formulaire-coordonnees-boutique\" target=\"_blank\">\n\t\t\t\t\t\t\t<img loading=\"lazy\" decoding=\"async\" width=\"1024\" height=\"805\" src=\"https:\/\/antonov2.com\/wp-content\/uploads\/2024\/09\/20240924_101953-scaled-e1727171173378-1024x805.jpg\" class=\"attachment-large size-large wp-image-146\" alt=\"Ouvre bouteille en inox, grav\u00e9 sur les 2 faces et enti\u00e8rement personnalisable.\" srcset=\"https:\/\/antonov2.com\/wp-content\/uploads\/2024\/09\/20240924_101953-scaled-e1727171173378-1024x805.jpg 1024w, https:\/\/antonov2.com\/wp-content\/uploads\/2024\/09\/20240924_101953-scaled-e1727171173378-300x236.jpg 300w, https:\/\/antonov2.com\/wp-content\/uploads\/2024\/09\/20240924_101953-scaled-e1727171173378-768x604.jpg 768w, https:\/\/antonov2.com\/wp-content\/uploads\/2024\/09\/20240924_101953-scaled-e1727171173378-1536x1208.jpg 1536w, https:\/\/antonov2.com\/wp-content\/uploads\/2024\/09\/20240924_101953-scaled-e1727171173378.jpg 1659w\" sizes=\"(max-width: 1024px) 100vw, 1024px\" \/>\t\t\t\t\t\t\t\t<\/a>\n\t\t\t\t\t\t\t\t\t\t\t<figcaption class=\"widget-image-caption wp-caption-text\"><\/figcaption>\n\t\t\t\t\t\t\t\t\t\t<\/figure>\n\t\t\t\t\t\t\t\t\t<\/div>\n\t\t\t\t<\/div>\n\t\t\t\t<\/div>\n\t\t\t\t\t<\/div>\n\t\t\t\t<\/div>\n\t\t\t\t<\/div>\n\t\t","protected":false},"excerpt":{"rendered":"<p>GenAIRation Antonov diffuse des \u00ab\u00a0goodies\u00a0\u00bb, plus pour sa communication que pour son financement d&rsquo;ailleurs. Patches (\u00e9cussons): incontournables des meetings, nous en diffusons 2 sortes diff\u00e9rents, tous avec velcro au dos, l&rsquo;un en tissu, l&rsquo;autre en PVC. Dog Tags (m\u00e9daillons): environ 5 x 3 cm, nous les accrochons par exemple aux fermetures \u00e9clairs de nos combinaisons [&hellip;]<\/p>\n","protected":false},"author":1,"featured_media":0,"parent":0,"menu_order":0,"comment_status":"closed","ping_status":"closed","template":"","meta":{"inline_featured_image":false,"footnotes":""},"class_list":["post-81","page","type-page","status-publish","hentry"],"yoast_head":"<!-- This site is optimized with the Yoast SEO plugin v27.4 - https:\/\/yoast.com\/product\/yoast-seo-wordpress\/ -->\n<title>Boutique - GenAIRation Antonov<\/title>\n<meta name=\"robots\" content=\"index, follow, max-snippet:-1, max-image-preview:large, max-video-preview:-1\" \/>\n<link rel=\"canonical\" href=\"https:\/\/antonov2.com\/index.php\/boutique\/\" \/>\n<meta property=\"og:locale\" content=\"fr_FR\" \/>\n<meta property=\"og:type\" content=\"article\" \/>\n<meta property=\"og:title\" content=\"Boutique - GenAIRation Antonov\" \/>\n<meta property=\"og:description\" content=\"GenAIRation Antonov diffuse des \u00ab\u00a0goodies\u00a0\u00bb, plus pour sa communication que pour son financement d&rsquo;ailleurs. Patches (\u00e9cussons): incontournables des meetings, nous en diffusons 2 sortes diff\u00e9rents, tous avec velcro au dos, l&rsquo;un en tissu, l&rsquo;autre en PVC. Dog Tags (m\u00e9daillons): environ 5 x 3 cm, nous les accrochons par exemple aux fermetures \u00e9clairs de nos combinaisons [&hellip;]\" \/>\n<meta property=\"og:url\" content=\"https:\/\/antonov2.com\/index.php\/boutique\/\" \/>\n<meta property=\"og:site_name\" content=\"GenAIRation Antonov\" \/>\n<meta property=\"article:modified_time\" content=\"2024-10-05T06:52:37+00:00\" \/>\n<meta property=\"og:image\" content=\"https:\/\/antonov2.com\/wp-content\/uploads\/2024\/09\/20240924_102231-768x1024.jpg\" \/>\n<meta name=\"twitter:card\" content=\"summary_large_image\" \/>\n<meta name=\"twitter:label1\" content=\"Dur\u00e9e de lecture estim\u00e9e\" \/>\n\t<meta name=\"twitter:data1\" content=\"2 minutes\" \/>\n<script type=\"application\/ld+json\" class=\"yoast-schema-graph\">{\"@context\":\"https:\\\/\\\/schema.org\",\"@graph\":[{\"@type\":\"WebPage\",\"@id\":\"https:\\\/\\\/antonov2.com\\\/index.php\\\/boutique\\\/\",\"url\":\"https:\\\/\\\/antonov2.com\\\/index.php\\\/boutique\\\/\",\"name\":\"Boutique - GenAIRation Antonov\",\"isPartOf\":{\"@id\":\"https:\\\/\\\/antonov2.com\\\/#website\"},\"primaryImageOfPage\":{\"@id\":\"https:\\\/\\\/antonov2.com\\\/index.php\\\/boutique\\\/#primaryimage\"},\"image\":{\"@id\":\"https:\\\/\\\/antonov2.com\\\/index.php\\\/boutique\\\/#primaryimage\"},\"thumbnailUrl\":\"https:\\\/\\\/antonov2.com\\\/wp-content\\\/uploads\\\/2024\\\/09\\\/20240924_102231-768x1024.jpg\",\"datePublished\":\"2024-09-11T15:45:25+00:00\",\"dateModified\":\"2024-10-05T06:52:37+00:00\",\"breadcrumb\":{\"@id\":\"https:\\\/\\\/antonov2.com\\\/index.php\\\/boutique\\\/#breadcrumb\"},\"inLanguage\":\"fr-FR\",\"potentialAction\":[{\"@type\":\"ReadAction\",\"target\":[\"https:\\\/\\\/antonov2.com\\\/index.php\\\/boutique\\\/\"]}]},{\"@type\":\"ImageObject\",\"inLanguage\":\"fr-FR\",\"@id\":\"https:\\\/\\\/antonov2.com\\\/index.php\\\/boutique\\\/#primaryimage\",\"url\":\"https:\\\/\\\/antonov2.com\\\/wp-content\\\/uploads\\\/2024\\\/09\\\/20240924_102231-scaled.jpg\",\"contentUrl\":\"https:\\\/\\\/antonov2.com\\\/wp-content\\\/uploads\\\/2024\\\/09\\\/20240924_102231-scaled.jpg\",\"width\":1920,\"height\":2560,\"caption\":\"Patch PVC\"},{\"@type\":\"BreadcrumbList\",\"@id\":\"https:\\\/\\\/antonov2.com\\\/index.php\\\/boutique\\\/#breadcrumb\",\"itemListElement\":[{\"@type\":\"ListItem\",\"position\":1,\"name\":\"Accueil\",\"item\":\"https:\\\/\\\/antonov2.com\\\/\"},{\"@type\":\"ListItem\",\"position\":2,\"name\":\"Boutique\"}]},{\"@type\":\"WebSite\",\"@id\":\"https:\\\/\\\/antonov2.com\\\/#website\",\"url\":\"https:\\\/\\\/antonov2.com\\\/\",\"name\":\"antonov2.com\",\"description\":\"Flying the An2, the largest biplane on earth\",\"publisher\":{\"@id\":\"https:\\\/\\\/antonov2.com\\\/#organization\"},\"potentialAction\":[{\"@type\":\"SearchAction\",\"target\":{\"@type\":\"EntryPoint\",\"urlTemplate\":\"https:\\\/\\\/antonov2.com\\\/?s={search_term_string}\"},\"query-input\":{\"@type\":\"PropertyValueSpecification\",\"valueRequired\":true,\"valueName\":\"search_term_string\"}}],\"inLanguage\":\"fr-FR\"},{\"@type\":\"Organization\",\"@id\":\"https:\\\/\\\/antonov2.com\\\/#organization\",\"name\":\"GenAIRation Antonov\",\"url\":\"https:\\\/\\\/antonov2.com\\\/\",\"logo\":{\"@type\":\"ImageObject\",\"inLanguage\":\"fr-FR\",\"@id\":\"https:\\\/\\\/antonov2.com\\\/#\\\/schema\\\/logo\\\/image\\\/\",\"url\":\"https:\\\/\\\/antonov2.com\\\/wp-content\\\/uploads\\\/2024\\\/09\\\/cropped-24-3017.jpg\",\"contentUrl\":\"https:\\\/\\\/antonov2.com\\\/wp-content\\\/uploads\\\/2024\\\/09\\\/cropped-24-3017.jpg\",\"width\":512,\"height\":512,\"caption\":\"GenAIRation Antonov\"},\"image\":{\"@id\":\"https:\\\/\\\/antonov2.com\\\/#\\\/schema\\\/logo\\\/image\\\/\"}}]}<\/script>\n<!-- \/ Yoast SEO plugin. -->","yoast_head_json":{"title":"Boutique - GenAIRation Antonov","robots":{"index":"index","follow":"follow","max-snippet":"max-snippet:-1","max-image-preview":"max-image-preview:large","max-video-preview":"max-video-preview:-1"},"canonical":"https:\/\/antonov2.com\/index.php\/boutique\/","og_locale":"fr_FR","og_type":"article","og_title":"Boutique - GenAIRation Antonov","og_description":"GenAIRation Antonov diffuse des \u00ab\u00a0goodies\u00a0\u00bb, plus pour sa communication que pour son financement d&rsquo;ailleurs. Patches (\u00e9cussons): incontournables des meetings, nous en diffusons 2 sortes diff\u00e9rents, tous avec velcro au dos, l&rsquo;un en tissu, l&rsquo;autre en PVC. Dog Tags (m\u00e9daillons): environ 5 x 3 cm, nous les accrochons par exemple aux fermetures \u00e9clairs de nos combinaisons [&hellip;]","og_url":"https:\/\/antonov2.com\/index.php\/boutique\/","og_site_name":"GenAIRation Antonov","article_modified_time":"2024-10-05T06:52:37+00:00","og_image":[{"url":"https:\/\/antonov2.com\/wp-content\/uploads\/2024\/09\/20240924_102231-768x1024.jpg","type":"","width":"","height":""}],"twitter_card":"summary_large_image","twitter_misc":{"Dur\u00e9e de lecture estim\u00e9e":"2 minutes"},"schema":{"@context":"https:\/\/schema.org","@graph":[{"@type":"WebPage","@id":"https:\/\/antonov2.com\/index.php\/boutique\/","url":"https:\/\/antonov2.com\/index.php\/boutique\/","name":"Boutique - GenAIRation Antonov","isPartOf":{"@id":"https:\/\/antonov2.com\/#website"},"primaryImageOfPage":{"@id":"https:\/\/antonov2.com\/index.php\/boutique\/#primaryimage"},"image":{"@id":"https:\/\/antonov2.com\/index.php\/boutique\/#primaryimage"},"thumbnailUrl":"https:\/\/antonov2.com\/wp-content\/uploads\/2024\/09\/20240924_102231-768x1024.jpg","datePublished":"2024-09-11T15:45:25+00:00","dateModified":"2024-10-05T06:52:37+00:00","breadcrumb":{"@id":"https:\/\/antonov2.com\/index.php\/boutique\/#breadcrumb"},"inLanguage":"fr-FR","potentialAction":[{"@type":"ReadAction","target":["https:\/\/antonov2.com\/index.php\/boutique\/"]}]},{"@type":"ImageObject","inLanguage":"fr-FR","@id":"https:\/\/antonov2.com\/index.php\/boutique\/#primaryimage","url":"https:\/\/antonov2.com\/wp-content\/uploads\/2024\/09\/20240924_102231-scaled.jpg","contentUrl":"https:\/\/antonov2.com\/wp-content\/uploads\/2024\/09\/20240924_102231-scaled.jpg","width":1920,"height":2560,"caption":"Patch PVC"},{"@type":"BreadcrumbList","@id":"https:\/\/antonov2.com\/index.php\/boutique\/#breadcrumb","itemListElement":[{"@type":"ListItem","position":1,"name":"Accueil","item":"https:\/\/antonov2.com\/"},{"@type":"ListItem","position":2,"name":"Boutique"}]},{"@type":"WebSite","@id":"https:\/\/antonov2.com\/#website","url":"https:\/\/antonov2.com\/","name":"antonov2.com","description":"Flying the An2, the largest biplane on earth","publisher":{"@id":"https:\/\/antonov2.com\/#organization"},"potentialAction":[{"@type":"SearchAction","target":{"@type":"EntryPoint","urlTemplate":"https:\/\/antonov2.com\/?s={search_term_string}"},"query-input":{"@type":"PropertyValueSpecification","valueRequired":true,"valueName":"search_term_string"}}],"inLanguage":"fr-FR"},{"@type":"Organization","@id":"https:\/\/antonov2.com\/#organization","name":"GenAIRation Antonov","url":"https:\/\/antonov2.com\/","logo":{"@type":"ImageObject","inLanguage":"fr-FR","@id":"https:\/\/antonov2.com\/#\/schema\/logo\/image\/","url":"https:\/\/antonov2.com\/wp-content\/uploads\/2024\/09\/cropped-24-3017.jpg","contentUrl":"https:\/\/antonov2.com\/wp-content\/uploads\/2024\/09\/cropped-24-3017.jpg","width":512,"height":512,"caption":"GenAIRation Antonov"},"image":{"@id":"https:\/\/antonov2.com\/#\/schema\/logo\/image\/"}}]}},"_links":{"self":[{"href":"https:\/\/antonov2.com\/index.php\/wp-json\/wp\/v2\/pages\/81","targetHints":{"allow":["GET"]}}],"collection":[{"href":"https:\/\/antonov2.com\/index.php\/wp-json\/wp\/v2\/pages"}],"about":[{"href":"https:\/\/antonov2.com\/index.php\/wp-json\/wp\/v2\/types\/page"}],"author":[{"embeddable":true,"href":"https:\/\/antonov2.com\/index.php\/wp-json\/wp\/v2\/users\/1"}],"replies":[{"embeddable":true,"href":"https:\/\/antonov2.com\/index.php\/wp-json\/wp\/v2\/comments?post=81"}],"version-history":[{"count":35,"href":"https:\/\/antonov2.com\/index.php\/wp-json\/wp\/v2\/pages\/81\/revisions"}],"predecessor-version":[{"id":753,"href":"https:\/\/antonov2.com\/index.php\/wp-json\/wp\/v2\/pages\/81\/revisions\/753"}],"wp:attachment":[{"href":"https:\/\/antonov2.com\/index.php\/wp-json\/wp\/v2\/media?parent=81"}],"curies":[{"name":"wp","href":"https:\/\/api.w.org\/{rel}","templated":true}]}}