{"id":296,"date":"2024-09-26T13:34:18","date_gmt":"2024-09-26T11:34:18","guid":{"rendered":"https:\/\/antonov2.com\/?page_id=296"},"modified":"2024-10-03T11:56:07","modified_gmt":"2024-10-03T09:56:07","slug":"nos-activites-en-detail","status":"publish","type":"page","link":"https:\/\/antonov2.com\/index.php\/nos-activites-en-detail\/","title":{"rendered":"Nos activit\u00e9s en d\u00e9tail"},"content":{"rendered":"\t\t<div data-elementor-type=\"wp-page\" data-elementor-id=\"296\" class=\"elementor elementor-296\">\n\t\t\t\t<div class=\"elementor-element elementor-element-44c4cf1 e-grid e-con-boxed e-con e-parent\" data-id=\"44c4cf1\" data-element_type=\"container\" data-e-type=\"container\">\n\t\t\t\t\t<div class=\"e-con-inner\">\n\t\t\t\t<div class=\"elementor-element elementor-element-19478fb elementor-align-center elementor-widget elementor-widget-button\" data-id=\"19478fb\" data-element_type=\"widget\" data-e-type=\"widget\" data-widget_type=\"button.default\">\n\t\t\t\t<div class=\"elementor-widget-container\">\n\t\t\t\t\t\t\t\t\t<div class=\"elementor-button-wrapper\">\n\t\t\t\t\t<a class=\"elementor-button elementor-button-link elementor-size-sm\" href=\"https:\/\/antonov2.com\/index.php\/meetings-aeriens\/\">\n\t\t\t\t\t\t<span class=\"elementor-button-content-wrapper\">\n\t\t\t\t\t\t\t\t\t<span class=\"elementor-button-text\">Vols en meeting a\u00e9rien<\/span>\n\t\t\t\t\t<\/span>\n\t\t\t\t\t<\/a>\n\t\t\t\t<\/div>\n\t\t\t\t\t\t\t\t<\/div>\n\t\t\t\t<\/div>\n\t\t\t\t<div class=\"elementor-element elementor-element-8fa3eb5 elementor-widget elementor-widget-text-editor\" data-id=\"8fa3eb5\" data-element_type=\"widget\" data-e-type=\"widget\" data-widget_type=\"text-editor.default\">\n\t\t\t\t<div class=\"elementor-widget-container\">\n\t\t\t\t\t\t\t\t\t<p>Nous effectuons des vols de d\u00e9monstration en meeting a\u00e9rien depuis 1998.<\/p>\t\t\t\t\t\t\t\t<\/div>\n\t\t\t\t<\/div>\n\t\t\t\t\t<\/div>\n\t\t\t\t<\/div>\n\t\t<div class=\"elementor-element elementor-element-376b3e2 e-flex e-con-boxed e-con e-parent\" data-id=\"376b3e2\" data-element_type=\"container\" data-e-type=\"container\">\n\t\t\t\t\t<div class=\"e-con-inner\">\n\t\t<div class=\"elementor-element elementor-element-75c11ce e-grid e-con-full e-con e-child\" data-id=\"75c11ce\" data-element_type=\"container\" data-e-type=\"container\">\n\t\t\t\t<div class=\"elementor-element elementor-element-3937f70 elementor-align-center elementor-widget__width-inherit elementor-widget elementor-widget-button\" data-id=\"3937f70\" data-element_type=\"widget\" data-e-type=\"widget\" data-widget_type=\"button.default\">\n\t\t\t\t<div class=\"elementor-widget-container\">\n\t\t\t\t\t\t\t\t\t<div class=\"elementor-button-wrapper\">\n\t\t\t\t\t<a class=\"elementor-button elementor-button-link elementor-size-sm\" href=\"https:\/\/antonov2.com\/index.php\/largages-paras\/\">\n\t\t\t\t\t\t<span class=\"elementor-button-content-wrapper\">\n\t\t\t\t\t\t\t\t\t<span class=\"elementor-button-text\">Largages de paras<\/span>\n\t\t\t\t\t<\/span>\n\t\t\t\t\t<\/a>\n\t\t\t\t<\/div>\n\t\t\t\t\t\t\t\t<\/div>\n\t\t\t\t<\/div>\n\t\t\t\t<div class=\"elementor-element elementor-element-92436f7 elementor-widget elementor-widget-text-editor\" data-id=\"92436f7\" data-element_type=\"widget\" data-e-type=\"widget\" data-widget_type=\"text-editor.default\">\n\t\t\t\t<div class=\"elementor-widget-container\">\n\t\t\t\t\t\t\t\t\t<p>L&rsquo;Antonov est capable d&#8217;emporter des sticks de 10 paras, en OA comme en OC.<\/p>\t\t\t\t\t\t\t\t<\/div>\n\t\t\t\t<\/div>\n\t\t\t\t<\/div>\n\t\t\t\t\t<\/div>\n\t\t\t\t<\/div>\n\t\t<div class=\"elementor-element elementor-element-4ff0577 e-flex e-con-boxed e-con e-parent\" data-id=\"4ff0577\" data-element_type=\"container\" data-e-type=\"container\">\n\t\t\t\t\t<div class=\"e-con-inner\">\n\t\t<div class=\"elementor-element elementor-element-91f322a e-grid e-con-full e-con e-child\" data-id=\"91f322a\" data-element_type=\"container\" data-e-type=\"container\">\n\t\t\t\t<div class=\"elementor-element elementor-element-19c3f52 elementor-align-center elementor-widget elementor-widget-button\" data-id=\"19c3f52\" data-element_type=\"widget\" data-e-type=\"widget\" data-widget_type=\"button.default\">\n\t\t\t\t<div class=\"elementor-widget-container\">\n\t\t\t\t\t\t\t\t\t<div class=\"elementor-button-wrapper\">\n\t\t\t\t\t<a class=\"elementor-button elementor-button-link elementor-size-sm\" href=\"https:\/\/antonov2.com\/index.php\/vol-de-decouverte\/\">\n\t\t\t\t\t\t<span class=\"elementor-button-content-wrapper\">\n\t\t\t\t\t\t\t\t\t<span class=\"elementor-button-text\">Vols de d\u00e9couverte<\/span>\n\t\t\t\t\t<\/span>\n\t\t\t\t\t<\/a>\n\t\t\t\t<\/div>\n\t\t\t\t\t\t\t\t<\/div>\n\t\t\t\t<\/div>\n\t\t\t\t<div class=\"elementor-element elementor-element-a4b3b08 elementor-widget elementor-widget-text-editor\" data-id=\"a4b3b08\" data-element_type=\"widget\" data-e-type=\"widget\" data-widget_type=\"text-editor.default\">\n\t\t\t\t<div class=\"elementor-widget-container\">\n\t\t\t\t\t\t\t\t\t<p>Vols courts avec 10 passagers (sans notion financi\u00e8re, \u00e0 but caritatif ou de remerciement) ou 3 (!) passagers payants.<\/p>\t\t\t\t\t\t\t\t<\/div>\n\t\t\t\t<\/div>\n\t\t\t\t<\/div>\n\t\t\t\t\t<\/div>\n\t\t\t\t<\/div>\n\t\t<div class=\"elementor-element elementor-element-505b3c7 e-grid e-con-full e-con e-child\" data-id=\"505b3c7\" data-element_type=\"container\" data-e-type=\"container\">\n\t\t\t\t<div class=\"elementor-element elementor-element-70d684f elementor-align-center elementor-widget elementor-widget-button\" data-id=\"70d684f\" data-element_type=\"widget\" data-e-type=\"widget\" data-widget_type=\"button.default\">\n\t\t\t\t<div class=\"elementor-widget-container\">\n\t\t\t\t\t\t\t\t\t<div class=\"elementor-button-wrapper\">\n\t\t\t\t\t<a class=\"elementor-button elementor-button-link elementor-size-sm\" href=\"https:\/\/antonov2.com\/index.php\/vols-daccompagnement\/\" target=\"_blank\">\n\t\t\t\t\t\t<span class=\"elementor-button-content-wrapper\">\n\t\t\t\t\t\t\t\t\t<span class=\"elementor-button-text\">Vols d'accompagnement<\/span>\n\t\t\t\t\t<\/span>\n\t\t\t\t\t<\/a>\n\t\t\t\t<\/div>\n\t\t\t\t\t\t\t\t<\/div>\n\t\t\t\t<\/div>\n\t\t\t\t<div class=\"elementor-element elementor-element-4a1264d elementor-widget elementor-widget-text-editor\" data-id=\"4a1264d\" data-element_type=\"widget\" data-e-type=\"widget\" data-widget_type=\"text-editor.default\">\n\t\t\t\t<div class=\"elementor-widget-container\">\n\t\t\t\t\t\t\t\t\t<p>Accompagnement en avion \u00ab\u00a0caravane\u00a0\u00bb sur des \u00e9v\u00e9nements itin\u00e9rants de type\u00a0 \u00ab\u00a0TAJP\u00a0\u00bb ou \u00ab\u00a0Tour de France\u00a0\u00bb.<\/p>\t\t\t\t\t\t\t\t<\/div>\n\t\t\t\t<\/div>\n\t\t\t\t<\/div>\n\t\t\t\t<\/div>\n\t\t","protected":false},"excerpt":{"rendered":"<p>Vols en meeting a\u00e9rien Nous effectuons des vols de d\u00e9monstration en meeting a\u00e9rien depuis 1998. Largages de paras L&rsquo;Antonov est capable d&#8217;emporter des sticks de 10 paras, en OA comme en OC. Vols de d\u00e9couverte Vols courts avec 10 passagers (sans notion financi\u00e8re, \u00e0 but caritatif ou de remerciement) ou 3 (!) passagers payants. Vols [&hellip;]<\/p>\n","protected":false},"author":1,"featured_media":0,"parent":0,"menu_order":0,"comment_status":"closed","ping_status":"closed","template":"","meta":{"inline_featured_image":false,"footnotes":""},"class_list":["post-296","page","type-page","status-publish","hentry"],"yoast_head":"<!-- This site is optimized with the Yoast SEO plugin v27.3 - https:\/\/yoast.com\/product\/yoast-seo-wordpress\/ -->\n<title>Nos activit\u00e9s en d\u00e9tail - GenAIRation Antonov<\/title>\n<meta name=\"robots\" content=\"index, follow, max-snippet:-1, max-image-preview:large, max-video-preview:-1\" \/>\n<link rel=\"canonical\" href=\"https:\/\/antonov2.com\/index.php\/nos-activites-en-detail\/\" \/>\n<meta property=\"og:locale\" content=\"fr_FR\" \/>\n<meta property=\"og:type\" content=\"article\" \/>\n<meta property=\"og:title\" content=\"Nos activit\u00e9s en d\u00e9tail - GenAIRation Antonov\" \/>\n<meta property=\"og:description\" content=\"Vols en meeting a\u00e9rien Nous effectuons des vols de d\u00e9monstration en meeting a\u00e9rien depuis 1998. Largages de paras L&rsquo;Antonov est capable d&#8217;emporter des sticks de 10 paras, en OA comme en OC. Vols de d\u00e9couverte Vols courts avec 10 passagers (sans notion financi\u00e8re, \u00e0 but caritatif ou de remerciement) ou 3 (!) passagers payants. Vols [&hellip;]\" \/>\n<meta property=\"og:url\" content=\"https:\/\/antonov2.com\/index.php\/nos-activites-en-detail\/\" \/>\n<meta property=\"og:site_name\" content=\"GenAIRation Antonov\" \/>\n<meta property=\"article:modified_time\" content=\"2024-10-03T09:56:07+00:00\" \/>\n<meta name=\"twitter:card\" content=\"summary_large_image\" \/>\n<meta name=\"twitter:label1\" content=\"Dur\u00e9e de lecture estim\u00e9e\" \/>\n\t<meta name=\"twitter:data1\" content=\"1 minute\" \/>\n<script type=\"application\/ld+json\" class=\"yoast-schema-graph\">{\"@context\":\"https:\\\/\\\/schema.org\",\"@graph\":[{\"@type\":\"WebPage\",\"@id\":\"https:\\\/\\\/antonov2.com\\\/index.php\\\/nos-activites-en-detail\\\/\",\"url\":\"https:\\\/\\\/antonov2.com\\\/index.php\\\/nos-activites-en-detail\\\/\",\"name\":\"Nos activit\u00e9s en d\u00e9tail - GenAIRation Antonov\",\"isPartOf\":{\"@id\":\"https:\\\/\\\/antonov2.com\\\/#website\"},\"datePublished\":\"2024-09-26T11:34:18+00:00\",\"dateModified\":\"2024-10-03T09:56:07+00:00\",\"breadcrumb\":{\"@id\":\"https:\\\/\\\/antonov2.com\\\/index.php\\\/nos-activites-en-detail\\\/#breadcrumb\"},\"inLanguage\":\"fr-FR\",\"potentialAction\":[{\"@type\":\"ReadAction\",\"target\":[\"https:\\\/\\\/antonov2.com\\\/index.php\\\/nos-activites-en-detail\\\/\"]}]},{\"@type\":\"BreadcrumbList\",\"@id\":\"https:\\\/\\\/antonov2.com\\\/index.php\\\/nos-activites-en-detail\\\/#breadcrumb\",\"itemListElement\":[{\"@type\":\"ListItem\",\"position\":1,\"name\":\"Accueil\",\"item\":\"https:\\\/\\\/antonov2.com\\\/\"},{\"@type\":\"ListItem\",\"position\":2,\"name\":\"Nos activit\u00e9s en d\u00e9tail\"}]},{\"@type\":\"WebSite\",\"@id\":\"https:\\\/\\\/antonov2.com\\\/#website\",\"url\":\"https:\\\/\\\/antonov2.com\\\/\",\"name\":\"antonov2.com\",\"description\":\"Flying the An2, the largest biplane on earth\",\"publisher\":{\"@id\":\"https:\\\/\\\/antonov2.com\\\/#organization\"},\"potentialAction\":[{\"@type\":\"SearchAction\",\"target\":{\"@type\":\"EntryPoint\",\"urlTemplate\":\"https:\\\/\\\/antonov2.com\\\/?s={search_term_string}\"},\"query-input\":{\"@type\":\"PropertyValueSpecification\",\"valueRequired\":true,\"valueName\":\"search_term_string\"}}],\"inLanguage\":\"fr-FR\"},{\"@type\":\"Organization\",\"@id\":\"https:\\\/\\\/antonov2.com\\\/#organization\",\"name\":\"GenAIRation Antonov\",\"url\":\"https:\\\/\\\/antonov2.com\\\/\",\"logo\":{\"@type\":\"ImageObject\",\"inLanguage\":\"fr-FR\",\"@id\":\"https:\\\/\\\/antonov2.com\\\/#\\\/schema\\\/logo\\\/image\\\/\",\"url\":\"https:\\\/\\\/antonov2.com\\\/wp-content\\\/uploads\\\/2024\\\/09\\\/cropped-24-3017.jpg\",\"contentUrl\":\"https:\\\/\\\/antonov2.com\\\/wp-content\\\/uploads\\\/2024\\\/09\\\/cropped-24-3017.jpg\",\"width\":512,\"height\":512,\"caption\":\"GenAIRation Antonov\"},\"image\":{\"@id\":\"https:\\\/\\\/antonov2.com\\\/#\\\/schema\\\/logo\\\/image\\\/\"}}]}<\/script>\n<!-- \/ Yoast SEO plugin. -->","yoast_head_json":{"title":"Nos activit\u00e9s en d\u00e9tail - GenAIRation Antonov","robots":{"index":"index","follow":"follow","max-snippet":"max-snippet:-1","max-image-preview":"max-image-preview:large","max-video-preview":"max-video-preview:-1"},"canonical":"https:\/\/antonov2.com\/index.php\/nos-activites-en-detail\/","og_locale":"fr_FR","og_type":"article","og_title":"Nos activit\u00e9s en d\u00e9tail - GenAIRation Antonov","og_description":"Vols en meeting a\u00e9rien Nous effectuons des vols de d\u00e9monstration en meeting a\u00e9rien depuis 1998. Largages de paras L&rsquo;Antonov est capable d&#8217;emporter des sticks de 10 paras, en OA comme en OC. Vols de d\u00e9couverte Vols courts avec 10 passagers (sans notion financi\u00e8re, \u00e0 but caritatif ou de remerciement) ou 3 (!) passagers payants. Vols [&hellip;]","og_url":"https:\/\/antonov2.com\/index.php\/nos-activites-en-detail\/","og_site_name":"GenAIRation Antonov","article_modified_time":"2024-10-03T09:56:07+00:00","twitter_card":"summary_large_image","twitter_misc":{"Dur\u00e9e de lecture estim\u00e9e":"1 minute"},"schema":{"@context":"https:\/\/schema.org","@graph":[{"@type":"WebPage","@id":"https:\/\/antonov2.com\/index.php\/nos-activites-en-detail\/","url":"https:\/\/antonov2.com\/index.php\/nos-activites-en-detail\/","name":"Nos activit\u00e9s en d\u00e9tail - GenAIRation Antonov","isPartOf":{"@id":"https:\/\/antonov2.com\/#website"},"datePublished":"2024-09-26T11:34:18+00:00","dateModified":"2024-10-03T09:56:07+00:00","breadcrumb":{"@id":"https:\/\/antonov2.com\/index.php\/nos-activites-en-detail\/#breadcrumb"},"inLanguage":"fr-FR","potentialAction":[{"@type":"ReadAction","target":["https:\/\/antonov2.com\/index.php\/nos-activites-en-detail\/"]}]},{"@type":"BreadcrumbList","@id":"https:\/\/antonov2.com\/index.php\/nos-activites-en-detail\/#breadcrumb","itemListElement":[{"@type":"ListItem","position":1,"name":"Accueil","item":"https:\/\/antonov2.com\/"},{"@type":"ListItem","position":2,"name":"Nos activit\u00e9s en d\u00e9tail"}]},{"@type":"WebSite","@id":"https:\/\/antonov2.com\/#website","url":"https:\/\/antonov2.com\/","name":"antonov2.com","description":"Flying the An2, the largest biplane on earth","publisher":{"@id":"https:\/\/antonov2.com\/#organization"},"potentialAction":[{"@type":"SearchAction","target":{"@type":"EntryPoint","urlTemplate":"https:\/\/antonov2.com\/?s={search_term_string}"},"query-input":{"@type":"PropertyValueSpecification","valueRequired":true,"valueName":"search_term_string"}}],"inLanguage":"fr-FR"},{"@type":"Organization","@id":"https:\/\/antonov2.com\/#organization","name":"GenAIRation Antonov","url":"https:\/\/antonov2.com\/","logo":{"@type":"ImageObject","inLanguage":"fr-FR","@id":"https:\/\/antonov2.com\/#\/schema\/logo\/image\/","url":"https:\/\/antonov2.com\/wp-content\/uploads\/2024\/09\/cropped-24-3017.jpg","contentUrl":"https:\/\/antonov2.com\/wp-content\/uploads\/2024\/09\/cropped-24-3017.jpg","width":512,"height":512,"caption":"GenAIRation Antonov"},"image":{"@id":"https:\/\/antonov2.com\/#\/schema\/logo\/image\/"}}]}},"_links":{"self":[{"href":"https:\/\/antonov2.com\/index.php\/wp-json\/wp\/v2\/pages\/296","targetHints":{"allow":["GET"]}}],"collection":[{"href":"https:\/\/antonov2.com\/index.php\/wp-json\/wp\/v2\/pages"}],"about":[{"href":"https:\/\/antonov2.com\/index.php\/wp-json\/wp\/v2\/types\/page"}],"author":[{"embeddable":true,"href":"https:\/\/antonov2.com\/index.php\/wp-json\/wp\/v2\/users\/1"}],"replies":[{"embeddable":true,"href":"https:\/\/antonov2.com\/index.php\/wp-json\/wp\/v2\/comments?post=296"}],"version-history":[{"count":16,"href":"https:\/\/antonov2.com\/index.php\/wp-json\/wp\/v2\/pages\/296\/revisions"}],"predecessor-version":[{"id":681,"href":"https:\/\/antonov2.com\/index.php\/wp-json\/wp\/v2\/pages\/296\/revisions\/681"}],"wp:attachment":[{"href":"https:\/\/antonov2.com\/index.php\/wp-json\/wp\/v2\/media?parent=296"}],"curies":[{"name":"wp","href":"https:\/\/api.w.org\/{rel}","templated":true}]}}